{"id":253,"date":"2013-10-11T12:37:01","date_gmt":"2013-10-11T10:37:01","guid":{"rendered":"http:\/\/logit.es\/?page_id=253"},"modified":"2013-11-28T11:47:04","modified_gmt":"2013-11-28T09:47:04","slug":"planifica-las-actividades-para-obtener-la-informacion-que-necesitas-esquemas-que-te-pueden-ayudar","status":"publish","type":"page","link":"https:\/\/logit.es\/?page_id=253","title":{"rendered":"Planifica las actividades para obtener la informaci\u00f3n que necesitas. Esquemas que te pueden ayudar."},"content":{"rendered":"<blockquote><p><img loading=\"lazy\" decoding=\"async\" class=\" wp-image-383 alignright\" alt=\"Abraham_Lincoln_head_on_shoulders_photo_portrait\" src=\"https:\/\/logit.es\/wp-content\/uploads\/2013\/10\/Abraham_Lincoln_head_on_shoulders_photo_portrait.jpg\" width=\"92\" height=\"121\" srcset=\"https:\/\/logit.es\/wp-content\/uploads\/2013\/10\/Abraham_Lincoln_head_on_shoulders_photo_portrait.jpg 456w, https:\/\/logit.es\/wp-content\/uploads\/2013\/10\/Abraham_Lincoln_head_on_shoulders_photo_portrait-228x300.jpg 228w\" sizes=\"auto, (max-width: 92px) 100vw, 92px\" \/>Si tienes ocho horas para talar un \u00e1rbol, dedica siete a afilar el hacha.<\/p>\n<p style=\"text-align: right;\"><a href=\"http:\/\/es.wikipedia.org\/wiki\/Abraham_Lincoln\" target=\"_blank\">A. Lincoln<\/a><\/p>\n<\/blockquote>\n<p>Tras definir el problema y los objetivos de la investigaci\u00f3n, la planificaci\u00f3n de las actividades a desarrollar ser\u00e1n tu prioridad.<\/p>\n<p>Aunque, a priori, pudiera parecer que la planificaci\u00f3n es una actividad poco productiva, la experiencia nos indica que una hora dedicado a planificar correctamente un proceso de investigaci\u00f3n puede suponer un ahorro de d\u00edas en el desarrollo de la investigaci\u00f3n.<\/p>\n<p><img loading=\"lazy\" decoding=\"async\" class=\"wp-image-406 alignright\" alt=\"1000px-GanttChartAnatomyES.svg\" src=\"https:\/\/logit.es\/wp-content\/uploads\/2013\/10\/1000px-GanttChartAnatomyES.svg_.png\" width=\"288\" height=\"191\" srcset=\"https:\/\/logit.es\/wp-content\/uploads\/2013\/10\/1000px-GanttChartAnatomyES.svg_.png 1000w, https:\/\/logit.es\/wp-content\/uploads\/2013\/10\/1000px-GanttChartAnatomyES.svg_-300x199.png 300w\" sizes=\"auto, (max-width: 288px) 100vw, 288px\" \/><\/p>\n<p>En la planificaci\u00f3n de los procesos de investigaci\u00f3n, hay que tener en cuenta la duraci\u00f3n temporal de las actividades desarrolladas, la dependencia entre las diferentes actividades desarrolladas y los medios necesarios para su desarrollo. Es muy \u00fatil el desarrollo de la planificaci\u00f3n en forma de <a href=\"http:\/\/es.wikipedia.org\/wiki\/Diagrama_de_Gantt\" target=\"_blank\">Diagrama de Gantt<\/a>.<\/p>\n<p>&nbsp;<\/p>\n<p>&nbsp;<\/p>\n<div>\n<p>&nbsp;<\/p>\n<p>&nbsp;<\/p>\n<\/div>\n","protected":false},"excerpt":{"rendered":"<p>Si tienes ocho horas para talar un \u00e1rbol, dedica siete a afilar el hacha. A. Lincoln Tras definir el problema y los objetivos de la investigaci\u00f3n, la planificaci\u00f3n de las actividades a desarrollar ser\u00e1n tu prioridad. Aunque, a priori, pudiera parecer que la planificaci\u00f3n es una actividad poco productiva, la experiencia nos indica que una &#8230; <\/p>\n<p class=\"moree\"><a class=\"more\" href=\"https:\/\/logit.es\/?page_id=253\">Read more <i class=\"fa fa-arrow-circle-right\"><\/i><\/a><\/p>\n","protected":false},"author":1,"featured_media":0,"parent":201,"menu_order":0,"comment_status":"closed","ping_status":"closed","template":"content-sidebar-page.php","meta":{"footnotes":""},"class_list":["post-253","page","type-page","status-publish","hentry"],"_links":{"self":[{"href":"https:\/\/logit.es\/index.php?rest_route=\/wp\/v2\/pages\/253","targetHints":{"allow":["GET"]}}],"collection":[{"href":"https:\/\/logit.es\/index.php?rest_route=\/wp\/v2\/pages"}],"about":[{"href":"https:\/\/logit.es\/index.php?rest_route=\/wp\/v2\/types\/page"}],"author":[{"embeddable":true,"href":"https:\/\/logit.es\/index.php?rest_route=\/wp\/v2\/users\/1"}],"replies":[{"embeddable":true,"href":"https:\/\/logit.es\/index.php?rest_route=%2Fwp%2Fv2%2Fcomments&post=253"}],"version-history":[{"count":9,"href":"https:\/\/logit.es\/index.php?rest_route=\/wp\/v2\/pages\/253\/revisions"}],"predecessor-version":[{"id":407,"href":"https:\/\/logit.es\/index.php?rest_route=\/wp\/v2\/pages\/253\/revisions\/407"}],"up":[{"embeddable":true,"href":"https:\/\/logit.es\/index.php?rest_route=\/wp\/v2\/pages\/201"}],"wp:attachment":[{"href":"https:\/\/logit.es\/index.php?rest_route=%2Fwp%2Fv2%2Fmedia&parent=253"}],"curies":[{"name":"wp","href":"https:\/\/api.w.org\/{rel}","templated":true}]}}